{"id":169,"date":"2024-10-24T14:15:41","date_gmt":"2024-10-24T12:15:41","guid":{"rendered":"https:\/\/www.stimmpraxis-frintrop.de\/?page_id=169"},"modified":"2024-10-24T14:30:09","modified_gmt":"2024-10-24T12:30:09","slug":"mein-angebot","status":"publish","type":"page","link":"https:\/\/www.stimmpraxis-frintrop.de\/?page_id=169","title":{"rendered":"Mein Angebot"},"content":{"rendered":"<p>Ich biete Einzel- und Kleingruppenunterricht zu folgenden Themen an:<\/p>\n<ul>\n<li><a href=\"https:\/\/www.stimmpraxis-frintrop.de\/?page_id=71\">Atemschulung<\/a><\/li>\n<li><a href=\"https:\/\/www.stimmpraxis-frintrop.de\/?page_id=78\">Stimm- und Sprechtraining\/Sprecherziehung<\/a><\/li>\n<li><a href=\"https:\/\/www.stimmpraxis-frintrop.de\/?page_id=89\">Singstimme\/Gesangsunterricht<\/a><\/li>\n<li><a href=\"https:\/\/www.stimmpraxis-frintrop.de\/?page_id=99\">Aussprachetraining\/Akzenttilgung\/Hochdeutsch<\/a><\/li>\n<\/ul>\n<p>&nbsp;<\/p>\n<p>&nbsp;<\/p>\n<p><strong>Preise<\/strong><\/p>\n<p>Einzelunterricht f\u00fcr Privatpersonen: 45,- \u20ac f\u00fcr eine 45-min\u00fctige \u00dcbungsstunde.<\/p>\n<p>Gruppenunterricht: Nach Absprache.<\/p>\n<p>F\u00fcr Unternehmen (z.B. Workshops) erstelle ich gerne ein individuelles Angebot.<\/p>\n","protected":false},"excerpt":{"rendered":"<p>Ich biete Einzel- und Kleingruppenunterricht zu folgenden Themen an: Atemschulung Stimm- und Sprechtraining\/Sprecherziehung Singstimme\/Gesangsunterricht Aussprachetraining\/Akzenttilgung\/Hochdeutsch &nbsp; &nbsp; Preise Einzelunterricht f\u00fcr Privatpersonen: 45,- \u20ac f\u00fcr eine 45-min\u00fctige \u00dcbungsstunde. Gruppenunterricht: Nach Absprache. F\u00fcr Unternehmen (z.B. Workshops) erstelle ich gerne ein individuelles Angebot.<\/p>\n","protected":false},"author":1,"featured_media":0,"parent":0,"menu_order":0,"comment_status":"closed","ping_status":"closed","template":"templates\/template-full-width.php","meta":{"footnotes":""},"class_list":["post-169","page","type-page","status-publish","hentry"],"yoast_head":"<!-- This site is optimized with the Yoast SEO plugin v27.6 - https:\/\/yoast.com\/product\/yoast-seo-wordpress\/ -->\n<title>Mein Angebot - Stimmpraxis Elisabeth Frintrop<\/title>\n<meta name=\"robots\" content=\"index, follow, max-snippet:-1, max-image-preview:large, max-video-preview:-1\" \/>\n<link rel=\"canonical\" href=\"https:\/\/www.stimmpraxis-frintrop.de\/?page_id=169\" \/>\n<meta property=\"og:locale\" content=\"de_DE\" \/>\n<meta property=\"og:type\" content=\"article\" \/>\n<meta property=\"og:title\" content=\"Mein Angebot - Stimmpraxis Elisabeth Frintrop\" \/>\n<meta property=\"og:description\" content=\"Ich biete Einzel- und Kleingruppenunterricht zu folgenden Themen an: Atemschulung Stimm- und Sprechtraining\/Sprecherziehung Singstimme\/Gesangsunterricht Aussprachetraining\/Akzenttilgung\/Hochdeutsch &nbsp; &nbsp; Preise Einzelunterricht f\u00fcr Privatpersonen: 45,- \u20ac f\u00fcr eine 45-min\u00fctige \u00dcbungsstunde. Gruppenunterricht: Nach Absprache. F\u00fcr Unternehmen (z.B. Workshops) erstelle ich gerne ein individuelles Angebot.\" \/>\n<meta property=\"og:url\" content=\"https:\/\/www.stimmpraxis-frintrop.de\/?page_id=169\" \/>\n<meta property=\"og:site_name\" content=\"Stimmpraxis Elisabeth Frintrop\" \/>\n<meta property=\"article:modified_time\" content=\"2024-10-24T12:30:09+00:00\" \/>\n<meta name=\"twitter:card\" content=\"summary_large_image\" \/>\n<meta name=\"twitter:label1\" content=\"Gesch\u00e4tzte Lesezeit\" \/>\n\t<meta name=\"twitter:data1\" content=\"1\u00a0Minute\" \/>\n<script type=\"application\/ld+json\" class=\"yoast-schema-graph\">{\"@context\":\"https:\\\/\\\/schema.org\",\"@graph\":[{\"@type\":\"WebPage\",\"@id\":\"https:\\\/\\\/www.stimmpraxis-frintrop.de\\\/?page_id=169\",\"url\":\"https:\\\/\\\/www.stimmpraxis-frintrop.de\\\/?page_id=169\",\"name\":\"Mein Angebot - Stimmpraxis Elisabeth Frintrop\",\"isPartOf\":{\"@id\":\"https:\\\/\\\/www.stimmpraxis-frintrop.de\\\/#website\"},\"datePublished\":\"2024-10-24T12:15:41+00:00\",\"dateModified\":\"2024-10-24T12:30:09+00:00\",\"breadcrumb\":{\"@id\":\"https:\\\/\\\/www.stimmpraxis-frintrop.de\\\/?page_id=169#breadcrumb\"},\"inLanguage\":\"de\",\"potentialAction\":[{\"@type\":\"ReadAction\",\"target\":[\"https:\\\/\\\/www.stimmpraxis-frintrop.de\\\/?page_id=169\"]}]},{\"@type\":\"BreadcrumbList\",\"@id\":\"https:\\\/\\\/www.stimmpraxis-frintrop.de\\\/?page_id=169#breadcrumb\",\"itemListElement\":[{\"@type\":\"ListItem\",\"position\":1,\"name\":\"Startseite\",\"item\":\"https:\\\/\\\/www.stimmpraxis-frintrop.de\\\/\"},{\"@type\":\"ListItem\",\"position\":2,\"name\":\"Mein Angebot\"}]},{\"@type\":\"WebSite\",\"@id\":\"https:\\\/\\\/www.stimmpraxis-frintrop.de\\\/#website\",\"url\":\"https:\\\/\\\/www.stimmpraxis-frintrop.de\\\/\",\"name\":\"Stimmpraxis Elisabeth Frintrop\",\"description\":\"\",\"publisher\":{\"@id\":\"https:\\\/\\\/www.stimmpraxis-frintrop.de\\\/#organization\"},\"potentialAction\":[{\"@type\":\"SearchAction\",\"target\":{\"@type\":\"EntryPoint\",\"urlTemplate\":\"https:\\\/\\\/www.stimmpraxis-frintrop.de\\\/?s={search_term_string}\"},\"query-input\":{\"@type\":\"PropertyValueSpecification\",\"valueRequired\":true,\"valueName\":\"search_term_string\"}}],\"inLanguage\":\"de\"},{\"@type\":\"Organization\",\"@id\":\"https:\\\/\\\/www.stimmpraxis-frintrop.de\\\/#organization\",\"name\":\"Stimmpraxis Elisabeth Frintrop\",\"url\":\"https:\\\/\\\/www.stimmpraxis-frintrop.de\\\/\",\"logo\":{\"@type\":\"ImageObject\",\"inLanguage\":\"de\",\"@id\":\"https:\\\/\\\/www.stimmpraxis-frintrop.de\\\/#\\\/schema\\\/logo\\\/image\\\/\",\"url\":\"https:\\\/\\\/www.stimmpraxis-frintrop.de\\\/wp-content\\\/uploads\\\/2022\\\/10\\\/logo-frintrop.png\",\"contentUrl\":\"https:\\\/\\\/www.stimmpraxis-frintrop.de\\\/wp-content\\\/uploads\\\/2022\\\/10\\\/logo-frintrop.png\",\"width\":463,\"height\":85,\"caption\":\"Stimmpraxis Elisabeth Frintrop\"},\"image\":{\"@id\":\"https:\\\/\\\/www.stimmpraxis-frintrop.de\\\/#\\\/schema\\\/logo\\\/image\\\/\"}}]}<\/script>\n<!-- \/ Yoast SEO plugin. -->","yoast_head_json":{"title":"Mein Angebot - Stimmpraxis Elisabeth Frintrop","robots":{"index":"index","follow":"follow","max-snippet":"max-snippet:-1","max-image-preview":"max-image-preview:large","max-video-preview":"max-video-preview:-1"},"canonical":"https:\/\/www.stimmpraxis-frintrop.de\/?page_id=169","og_locale":"de_DE","og_type":"article","og_title":"Mein Angebot - Stimmpraxis Elisabeth Frintrop","og_description":"Ich biete Einzel- und Kleingruppenunterricht zu folgenden Themen an: Atemschulung Stimm- und Sprechtraining\/Sprecherziehung Singstimme\/Gesangsunterricht Aussprachetraining\/Akzenttilgung\/Hochdeutsch &nbsp; &nbsp; Preise Einzelunterricht f\u00fcr Privatpersonen: 45,- \u20ac f\u00fcr eine 45-min\u00fctige \u00dcbungsstunde. Gruppenunterricht: Nach Absprache. F\u00fcr Unternehmen (z.B. Workshops) erstelle ich gerne ein individuelles Angebot.","og_url":"https:\/\/www.stimmpraxis-frintrop.de\/?page_id=169","og_site_name":"Stimmpraxis Elisabeth Frintrop","article_modified_time":"2024-10-24T12:30:09+00:00","twitter_card":"summary_large_image","twitter_misc":{"Gesch\u00e4tzte Lesezeit":"1\u00a0Minute"},"schema":{"@context":"https:\/\/schema.org","@graph":[{"@type":"WebPage","@id":"https:\/\/www.stimmpraxis-frintrop.de\/?page_id=169","url":"https:\/\/www.stimmpraxis-frintrop.de\/?page_id=169","name":"Mein Angebot - Stimmpraxis Elisabeth Frintrop","isPartOf":{"@id":"https:\/\/www.stimmpraxis-frintrop.de\/#website"},"datePublished":"2024-10-24T12:15:41+00:00","dateModified":"2024-10-24T12:30:09+00:00","breadcrumb":{"@id":"https:\/\/www.stimmpraxis-frintrop.de\/?page_id=169#breadcrumb"},"inLanguage":"de","potentialAction":[{"@type":"ReadAction","target":["https:\/\/www.stimmpraxis-frintrop.de\/?page_id=169"]}]},{"@type":"BreadcrumbList","@id":"https:\/\/www.stimmpraxis-frintrop.de\/?page_id=169#breadcrumb","itemListElement":[{"@type":"ListItem","position":1,"name":"Startseite","item":"https:\/\/www.stimmpraxis-frintrop.de\/"},{"@type":"ListItem","position":2,"name":"Mein Angebot"}]},{"@type":"WebSite","@id":"https:\/\/www.stimmpraxis-frintrop.de\/#website","url":"https:\/\/www.stimmpraxis-frintrop.de\/","name":"Stimmpraxis Elisabeth Frintrop","description":"","publisher":{"@id":"https:\/\/www.stimmpraxis-frintrop.de\/#organization"},"potentialAction":[{"@type":"SearchAction","target":{"@type":"EntryPoint","urlTemplate":"https:\/\/www.stimmpraxis-frintrop.de\/?s={search_term_string}"},"query-input":{"@type":"PropertyValueSpecification","valueRequired":true,"valueName":"search_term_string"}}],"inLanguage":"de"},{"@type":"Organization","@id":"https:\/\/www.stimmpraxis-frintrop.de\/#organization","name":"Stimmpraxis Elisabeth Frintrop","url":"https:\/\/www.stimmpraxis-frintrop.de\/","logo":{"@type":"ImageObject","inLanguage":"de","@id":"https:\/\/www.stimmpraxis-frintrop.de\/#\/schema\/logo\/image\/","url":"https:\/\/www.stimmpraxis-frintrop.de\/wp-content\/uploads\/2022\/10\/logo-frintrop.png","contentUrl":"https:\/\/www.stimmpraxis-frintrop.de\/wp-content\/uploads\/2022\/10\/logo-frintrop.png","width":463,"height":85,"caption":"Stimmpraxis Elisabeth Frintrop"},"image":{"@id":"https:\/\/www.stimmpraxis-frintrop.de\/#\/schema\/logo\/image\/"}}]}},"_links":{"self":[{"href":"https:\/\/www.stimmpraxis-frintrop.de\/index.php?rest_route=\/wp\/v2\/pages\/169","targetHints":{"allow":["GET"]}}],"collection":[{"href":"https:\/\/www.stimmpraxis-frintrop.de\/index.php?rest_route=\/wp\/v2\/pages"}],"about":[{"href":"https:\/\/www.stimmpraxis-frintrop.de\/index.php?rest_route=\/wp\/v2\/types\/page"}],"author":[{"embeddable":true,"href":"https:\/\/www.stimmpraxis-frintrop.de\/index.php?rest_route=\/wp\/v2\/users\/1"}],"replies":[{"embeddable":true,"href":"https:\/\/www.stimmpraxis-frintrop.de\/index.php?rest_route=%2Fwp%2Fv2%2Fcomments&post=169"}],"version-history":[{"count":9,"href":"https:\/\/www.stimmpraxis-frintrop.de\/index.php?rest_route=\/wp\/v2\/pages\/169\/revisions"}],"predecessor-version":[{"id":186,"href":"https:\/\/www.stimmpraxis-frintrop.de\/index.php?rest_route=\/wp\/v2\/pages\/169\/revisions\/186"}],"wp:attachment":[{"href":"https:\/\/www.stimmpraxis-frintrop.de\/index.php?rest_route=%2Fwp%2Fv2%2Fmedia&parent=169"}],"curies":[{"name":"wp","href":"https:\/\/api.w.org\/{rel}","templated":true}]}}