{"id":99,"date":"2021-06-16T21:36:55","date_gmt":"2021-06-16T19:36:55","guid":{"rendered":"https:\/\/www.stimmpraxis-frintrop.de\/wp3\/?page_id=99"},"modified":"2022-10-28T21:50:56","modified_gmt":"2022-10-28T19:50:56","slug":"aussprachetraining-akzenttilgung","status":"publish","type":"page","link":"https:\/\/www.stimmpraxis-frintrop.de\/?page_id=99","title":{"rendered":"Aussprachetraining &#8211; Akzenttilgung"},"content":{"rendered":"<p><img loading=\"lazy\" decoding=\"async\" width=\"255\" height=\"351\" class=\"alignnone size-full wp-image-103\" style=\"float: right; width: 35%; margin: 15px;\" src=\"https:\/\/www.stimmpraxis-frintrop.de\/wp3\/wp-content\/uploads\/2021\/06\/akzenttilgung.jpg\" alt=\"\" srcset=\"https:\/\/www.stimmpraxis-frintrop.de\/wp-content\/uploads\/2021\/06\/akzenttilgung.jpg 255w, https:\/\/www.stimmpraxis-frintrop.de\/wp-content\/uploads\/2021\/06\/akzenttilgung-218x300.jpg 218w\" sizes=\"auto, (max-width: 255px) 100vw, 255px\" \/> Kommunikation lebt vom Verstehen. Richtig verstanden werden, f\u00f6rdert Vertrauen in privaten wie auch beruflichen Beziehungen. Dabei kommt es nicht nur auf die korrekte Wortwahl sondern auch auf die Aussprache an. Akzente oder typische \u201eHolperer\u201c in der Aussprache sind sympathisch, k\u00f6nnen aber \u2013 gerade im beruflichen Kontext \u2013 auch zu Unsicherheiten und Missverst\u00e4ndnissen beitragen.<\/p>\n<p>Das individuelle Sprachtraining der deutschen Aussprache richtet sich an Fach- und F\u00fchrungskr\u00e4fte, die schon relativ gut Deutsch sprechen. Hierzu z\u00e4hlt auch das Training einer berufsspezifischen Fachsprache z.B. im Gesundheitswesen. Der Unterricht in Akzenttilgung kann als Inhouse-Schulung sowohl in Einzel- als auch in Kleingruppen angeboten werden.<\/p>\n<p>Das Angebot richtet sich auch an S\u00e4nger und S\u00e4ngerinnen aus dem Ausland, die gezielt an der Aussprache arbeiten m\u00f6chten.<\/p>\n<p><strong>\u00dcbrigens:<\/strong><br \/>\nSollten Sie des sachlich neutralen Hochdeutsch&#8216; \u00fcberdr\u00fcssig sein: Akzente oder Dialekte kann man mit dem Beherrschen der \u201eZungenturnkunst&#8220; auch antrainieren.<\/p>\n","protected":false},"excerpt":{"rendered":"<p>Kommunikation lebt vom Verstehen. Richtig verstanden werden, f\u00f6rdert Vertrauen in privaten wie auch beruflichen Beziehungen. Dabei kommt es nicht nur auf die korrekte Wortwahl sondern auch auf die Aussprache an. Akzente oder typische \u201eHolperer\u201c in der Aussprache sind sympathisch, k\u00f6nnen aber \u2013 gerade im beruflichen Kontext \u2013 auch zu Unsicherheiten und Missverst\u00e4ndnissen beitragen. Das individuelle [&hellip;]<\/p>\n","protected":false},"author":1,"featured_media":0,"parent":0,"menu_order":0,"comment_status":"closed","ping_status":"closed","template":"templates\/template-full-width.php","meta":{"footnotes":""},"class_list":["post-99","page","type-page","status-publish","hentry"],"yoast_head":"<!-- This site is optimized with the Yoast SEO plugin v27.6 - https:\/\/yoast.com\/product\/yoast-seo-wordpress\/ -->\n<title>Aussprachetraining Bremen Akzenttilgung Sprecherziehung<\/title>\n<meta name=\"robots\" content=\"index, follow, max-snippet:-1, max-image-preview:large, max-video-preview:-1\" \/>\n<link rel=\"canonical\" href=\"https:\/\/www.stimmpraxis-frintrop.de\/?page_id=99\" \/>\n<meta property=\"og:locale\" content=\"de_DE\" \/>\n<meta property=\"og:type\" content=\"article\" \/>\n<meta property=\"og:title\" content=\"Aussprachetraining Bremen Akzenttilgung Sprecherziehung\" \/>\n<meta property=\"og:description\" content=\"Kommunikation lebt vom Verstehen. Richtig verstanden werden, f\u00f6rdert Vertrauen in privaten wie auch beruflichen Beziehungen. Dabei kommt es nicht nur auf die korrekte Wortwahl sondern auch auf die Aussprache an. Akzente oder typische \u201eHolperer\u201c in der Aussprache sind sympathisch, k\u00f6nnen aber \u2013 gerade im beruflichen Kontext \u2013 auch zu Unsicherheiten und Missverst\u00e4ndnissen beitragen. Das individuelle [&hellip;]\" \/>\n<meta property=\"og:url\" content=\"https:\/\/www.stimmpraxis-frintrop.de\/?page_id=99\" \/>\n<meta property=\"og:site_name\" content=\"Stimmpraxis Elisabeth Frintrop\" \/>\n<meta property=\"article:modified_time\" content=\"2022-10-28T19:50:56+00:00\" \/>\n<meta property=\"og:image\" content=\"https:\/\/www.stimmpraxis-frintrop.de\/wp3\/wp-content\/uploads\/2021\/06\/akzenttilgung.jpg\" \/>\n<meta name=\"twitter:card\" content=\"summary_large_image\" \/>\n<meta name=\"twitter:label1\" content=\"Gesch\u00e4tzte Lesezeit\" \/>\n\t<meta name=\"twitter:data1\" content=\"1\u00a0Minute\" \/>\n<script type=\"application\/ld+json\" class=\"yoast-schema-graph\">{\"@context\":\"https:\\\/\\\/schema.org\",\"@graph\":[{\"@type\":\"WebPage\",\"@id\":\"https:\\\/\\\/www.stimmpraxis-frintrop.de\\\/?page_id=99\",\"url\":\"https:\\\/\\\/www.stimmpraxis-frintrop.de\\\/?page_id=99\",\"name\":\"Aussprachetraining Bremen Akzenttilgung Sprecherziehung\",\"isPartOf\":{\"@id\":\"https:\\\/\\\/www.stimmpraxis-frintrop.de\\\/#website\"},\"primaryImageOfPage\":{\"@id\":\"https:\\\/\\\/www.stimmpraxis-frintrop.de\\\/?page_id=99#primaryimage\"},\"image\":{\"@id\":\"https:\\\/\\\/www.stimmpraxis-frintrop.de\\\/?page_id=99#primaryimage\"},\"thumbnailUrl\":\"https:\\\/\\\/www.stimmpraxis-frintrop.de\\\/wp3\\\/wp-content\\\/uploads\\\/2021\\\/06\\\/akzenttilgung.jpg\",\"datePublished\":\"2021-06-16T19:36:55+00:00\",\"dateModified\":\"2022-10-28T19:50:56+00:00\",\"breadcrumb\":{\"@id\":\"https:\\\/\\\/www.stimmpraxis-frintrop.de\\\/?page_id=99#breadcrumb\"},\"inLanguage\":\"de\",\"potentialAction\":[{\"@type\":\"ReadAction\",\"target\":[\"https:\\\/\\\/www.stimmpraxis-frintrop.de\\\/?page_id=99\"]}]},{\"@type\":\"ImageObject\",\"inLanguage\":\"de\",\"@id\":\"https:\\\/\\\/www.stimmpraxis-frintrop.de\\\/?page_id=99#primaryimage\",\"url\":\"https:\\\/\\\/www.stimmpraxis-frintrop.de\\\/wp3\\\/wp-content\\\/uploads\\\/2021\\\/06\\\/akzenttilgung.jpg\",\"contentUrl\":\"https:\\\/\\\/www.stimmpraxis-frintrop.de\\\/wp3\\\/wp-content\\\/uploads\\\/2021\\\/06\\\/akzenttilgung.jpg\"},{\"@type\":\"BreadcrumbList\",\"@id\":\"https:\\\/\\\/www.stimmpraxis-frintrop.de\\\/?page_id=99#breadcrumb\",\"itemListElement\":[{\"@type\":\"ListItem\",\"position\":1,\"name\":\"Startseite\",\"item\":\"https:\\\/\\\/www.stimmpraxis-frintrop.de\\\/\"},{\"@type\":\"ListItem\",\"position\":2,\"name\":\"Aussprachetraining &#8211; Akzenttilgung\"}]},{\"@type\":\"WebSite\",\"@id\":\"https:\\\/\\\/www.stimmpraxis-frintrop.de\\\/#website\",\"url\":\"https:\\\/\\\/www.stimmpraxis-frintrop.de\\\/\",\"name\":\"Stimmpraxis Elisabeth Frintrop\",\"description\":\"\",\"publisher\":{\"@id\":\"https:\\\/\\\/www.stimmpraxis-frintrop.de\\\/#organization\"},\"potentialAction\":[{\"@type\":\"SearchAction\",\"target\":{\"@type\":\"EntryPoint\",\"urlTemplate\":\"https:\\\/\\\/www.stimmpraxis-frintrop.de\\\/?s={search_term_string}\"},\"query-input\":{\"@type\":\"PropertyValueSpecification\",\"valueRequired\":true,\"valueName\":\"search_term_string\"}}],\"inLanguage\":\"de\"},{\"@type\":\"Organization\",\"@id\":\"https:\\\/\\\/www.stimmpraxis-frintrop.de\\\/#organization\",\"name\":\"Stimmpraxis Elisabeth Frintrop\",\"url\":\"https:\\\/\\\/www.stimmpraxis-frintrop.de\\\/\",\"logo\":{\"@type\":\"ImageObject\",\"inLanguage\":\"de\",\"@id\":\"https:\\\/\\\/www.stimmpraxis-frintrop.de\\\/#\\\/schema\\\/logo\\\/image\\\/\",\"url\":\"https:\\\/\\\/www.stimmpraxis-frintrop.de\\\/wp-content\\\/uploads\\\/2022\\\/10\\\/logo-frintrop.png\",\"contentUrl\":\"https:\\\/\\\/www.stimmpraxis-frintrop.de\\\/wp-content\\\/uploads\\\/2022\\\/10\\\/logo-frintrop.png\",\"width\":463,\"height\":85,\"caption\":\"Stimmpraxis Elisabeth Frintrop\"},\"image\":{\"@id\":\"https:\\\/\\\/www.stimmpraxis-frintrop.de\\\/#\\\/schema\\\/logo\\\/image\\\/\"}}]}<\/script>\n<!-- \/ Yoast SEO plugin. -->","yoast_head_json":{"title":"Aussprachetraining Bremen Akzenttilgung Sprecherziehung","robots":{"index":"index","follow":"follow","max-snippet":"max-snippet:-1","max-image-preview":"max-image-preview:large","max-video-preview":"max-video-preview:-1"},"canonical":"https:\/\/www.stimmpraxis-frintrop.de\/?page_id=99","og_locale":"de_DE","og_type":"article","og_title":"Aussprachetraining Bremen Akzenttilgung Sprecherziehung","og_description":"Kommunikation lebt vom Verstehen. Richtig verstanden werden, f\u00f6rdert Vertrauen in privaten wie auch beruflichen Beziehungen. Dabei kommt es nicht nur auf die korrekte Wortwahl sondern auch auf die Aussprache an. Akzente oder typische \u201eHolperer\u201c in der Aussprache sind sympathisch, k\u00f6nnen aber \u2013 gerade im beruflichen Kontext \u2013 auch zu Unsicherheiten und Missverst\u00e4ndnissen beitragen. Das individuelle [&hellip;]","og_url":"https:\/\/www.stimmpraxis-frintrop.de\/?page_id=99","og_site_name":"Stimmpraxis Elisabeth Frintrop","article_modified_time":"2022-10-28T19:50:56+00:00","og_image":[{"url":"https:\/\/www.stimmpraxis-frintrop.de\/wp3\/wp-content\/uploads\/2021\/06\/akzenttilgung.jpg","type":"","width":"","height":""}],"twitter_card":"summary_large_image","twitter_misc":{"Gesch\u00e4tzte Lesezeit":"1\u00a0Minute"},"schema":{"@context":"https:\/\/schema.org","@graph":[{"@type":"WebPage","@id":"https:\/\/www.stimmpraxis-frintrop.de\/?page_id=99","url":"https:\/\/www.stimmpraxis-frintrop.de\/?page_id=99","name":"Aussprachetraining Bremen Akzenttilgung Sprecherziehung","isPartOf":{"@id":"https:\/\/www.stimmpraxis-frintrop.de\/#website"},"primaryImageOfPage":{"@id":"https:\/\/www.stimmpraxis-frintrop.de\/?page_id=99#primaryimage"},"image":{"@id":"https:\/\/www.stimmpraxis-frintrop.de\/?page_id=99#primaryimage"},"thumbnailUrl":"https:\/\/www.stimmpraxis-frintrop.de\/wp3\/wp-content\/uploads\/2021\/06\/akzenttilgung.jpg","datePublished":"2021-06-16T19:36:55+00:00","dateModified":"2022-10-28T19:50:56+00:00","breadcrumb":{"@id":"https:\/\/www.stimmpraxis-frintrop.de\/?page_id=99#breadcrumb"},"inLanguage":"de","potentialAction":[{"@type":"ReadAction","target":["https:\/\/www.stimmpraxis-frintrop.de\/?page_id=99"]}]},{"@type":"ImageObject","inLanguage":"de","@id":"https:\/\/www.stimmpraxis-frintrop.de\/?page_id=99#primaryimage","url":"https:\/\/www.stimmpraxis-frintrop.de\/wp3\/wp-content\/uploads\/2021\/06\/akzenttilgung.jpg","contentUrl":"https:\/\/www.stimmpraxis-frintrop.de\/wp3\/wp-content\/uploads\/2021\/06\/akzenttilgung.jpg"},{"@type":"BreadcrumbList","@id":"https:\/\/www.stimmpraxis-frintrop.de\/?page_id=99#breadcrumb","itemListElement":[{"@type":"ListItem","position":1,"name":"Startseite","item":"https:\/\/www.stimmpraxis-frintrop.de\/"},{"@type":"ListItem","position":2,"name":"Aussprachetraining &#8211; Akzenttilgung"}]},{"@type":"WebSite","@id":"https:\/\/www.stimmpraxis-frintrop.de\/#website","url":"https:\/\/www.stimmpraxis-frintrop.de\/","name":"Stimmpraxis Elisabeth Frintrop","description":"","publisher":{"@id":"https:\/\/www.stimmpraxis-frintrop.de\/#organization"},"potentialAction":[{"@type":"SearchAction","target":{"@type":"EntryPoint","urlTemplate":"https:\/\/www.stimmpraxis-frintrop.de\/?s={search_term_string}"},"query-input":{"@type":"PropertyValueSpecification","valueRequired":true,"valueName":"search_term_string"}}],"inLanguage":"de"},{"@type":"Organization","@id":"https:\/\/www.stimmpraxis-frintrop.de\/#organization","name":"Stimmpraxis Elisabeth Frintrop","url":"https:\/\/www.stimmpraxis-frintrop.de\/","logo":{"@type":"ImageObject","inLanguage":"de","@id":"https:\/\/www.stimmpraxis-frintrop.de\/#\/schema\/logo\/image\/","url":"https:\/\/www.stimmpraxis-frintrop.de\/wp-content\/uploads\/2022\/10\/logo-frintrop.png","contentUrl":"https:\/\/www.stimmpraxis-frintrop.de\/wp-content\/uploads\/2022\/10\/logo-frintrop.png","width":463,"height":85,"caption":"Stimmpraxis Elisabeth Frintrop"},"image":{"@id":"https:\/\/www.stimmpraxis-frintrop.de\/#\/schema\/logo\/image\/"}}]}},"_links":{"self":[{"href":"https:\/\/www.stimmpraxis-frintrop.de\/index.php?rest_route=\/wp\/v2\/pages\/99","targetHints":{"allow":["GET"]}}],"collection":[{"href":"https:\/\/www.stimmpraxis-frintrop.de\/index.php?rest_route=\/wp\/v2\/pages"}],"about":[{"href":"https:\/\/www.stimmpraxis-frintrop.de\/index.php?rest_route=\/wp\/v2\/types\/page"}],"author":[{"embeddable":true,"href":"https:\/\/www.stimmpraxis-frintrop.de\/index.php?rest_route=\/wp\/v2\/users\/1"}],"replies":[{"embeddable":true,"href":"https:\/\/www.stimmpraxis-frintrop.de\/index.php?rest_route=%2Fwp%2Fv2%2Fcomments&post=99"}],"version-history":[{"count":4,"href":"https:\/\/www.stimmpraxis-frintrop.de\/index.php?rest_route=\/wp\/v2\/pages\/99\/revisions"}],"predecessor-version":[{"id":129,"href":"https:\/\/www.stimmpraxis-frintrop.de\/index.php?rest_route=\/wp\/v2\/pages\/99\/revisions\/129"}],"wp:attachment":[{"href":"https:\/\/www.stimmpraxis-frintrop.de\/index.php?rest_route=%2Fwp%2Fv2%2Fmedia&parent=99"}],"curies":[{"name":"wp","href":"https:\/\/api.w.org\/{rel}","templated":true}]}}